{"id":476,"date":"2021-02-10T17:43:27","date_gmt":"2021-02-10T17:43:27","guid":{"rendered":"http:\/\/odricerin.es\/?page_id=476"},"modified":"2026-04-17T08:33:05","modified_gmt":"2026-04-17T08:33:05","slug":"cursos-em-portugal","status":"publish","type":"page","link":"https:\/\/odricerin.es\/?page_id=476","title":{"rendered":"<p><font face=\"Arial\" size=\"5\" color=\"#FFFFFF\">Cursos on line<\/font><\/p>"},"content":{"rendered":"<p>[vc_row][vc_column width=\u00bb1\/2&#8243;][\/vc_column][vc_column width=\u00bb1\/2&#8243;][vc_column_text css=\u00bb.vc_custom_1613071808679{margin-top: 0px !important;margin-bottom: 0px !important;background-color: #0066b1 !important;}\u00bb]<a href=\"http:\/\/odricerin.es\/?page_id=46\"><img loading=\"lazy\" decoding=\"async\" class=\"size-full wp-image-633 alignright\" src=\"http:\/\/odricerin.es\/wp-content\/uploads\/2021\/02\/rere-1.png\" alt=\"\" width=\"251\" height=\"30\" \/><\/a>[\/vc_column_text][\/vc_column][\/vc_row][vc_row][vc_column width=\u00bb1\/2&#8243;][vc_single_image image=\u00bb120&#8243; img_size=\u00bbfull\u00bb style=\u00bbvc_box_border_circle\u00bb][\/vc_column][vc_column width=\u00bb1\/2&#8243;][vc_column_text]<\/p>\n<h2><\/h2>\n<h2 class=\"elementor-heading-title elementor-size-default\" style=\"text-align: center;\"><span style=\"font-family: Arial;\"><span style=\"color: #336699;\">Cursos on line<\/span><\/span><\/h2>\n<p>[\/vc_column_text][vc_column_text]<\/p>\n<p data-start=\"108\" data-end=\"362\">Estos cursos se imparten <span style=\"color: #1f63c2;\"><strong data-start=\"133\" data-end=\"156\">en modalidad online<\/strong><\/span>. Nuestro objetivo es que pueda resolver todas sus dudas de forma \u00e1gil y directa. Durante y despu\u00e9s de cada sesi\u00f3n, los ponentes estar\u00e1n disponibles para aclarar cualquier pregunta que quiera plantear. Para consultar el contenido completo de cada curso, haga clic sobre cada programa. Si desea m\u00e1s informaci\u00f3n o quiere formalizar una o varias inscripciones, solo tiene que enviarnos un correo con sus datos a <span style=\"color: #1f63c2;\"><strong data-start=\"578\" data-end=\"599\"><a class=\"decorated-link cursor-pointer\" style=\"color: #1f63c2;\" rel=\"noopener\" data-start=\"580\" data-end=\"597\">info@odricerin.es <\/a><\/strong><\/span>Adem\u00e1s, si ya ha asistido como alumno a alg\u00fan otro de nuestros cursos, le ofrecemos un <span style=\"color: #1f63c2;\"><strong data-start=\"678\" data-end=\"698\">10% de descuento<\/strong><\/span> en el precio.<\/p>\n<p>[\/vc_column_text][\/vc_column][\/vc_row][vc_row][vc_column][vc_column_text]<\/p>\n<div align=\"center\"><a href=\"http:\/\/odricerin.es\/wp-content\/uploads\/2026\/01\/2612-2613-2614-2615-2616-Curso-on-line-contratacion.pdf\" target=\"_blank\" rel=\"noopener\"><img loading=\"lazy\" decoding=\"async\" class=\"alignnone wp-image-2832\" src=\"http:\/\/odricerin.es\/wp-content\/uploads\/2026\/01\/Plan-formativo-contratacion-publica-211x300.jpg\" alt=\"\" width=\"396\" height=\"563\" srcset=\"https:\/\/odricerin.es\/wp-content\/uploads\/2026\/01\/Plan-formativo-contratacion-publica-211x300.jpg 211w, https:\/\/odricerin.es\/wp-content\/uploads\/2026\/01\/Plan-formativo-contratacion-publica.jpg 558w\" sizes=\"auto, (max-width: 396px) 100vw, 396px\" \/><\/a><\/div>\n<p>&nbsp;<\/p>\n<h1><\/h1>\n<p>&nbsp;<\/p>\n<h1><a href=\"http:\/\/odricerin.es\/wp-content\/uploads\/2026\/03\/2633-Personal-sociedades-y-fundaciones-publicas.pdf\" target=\"_blank\" rel=\"noopener\"><img loading=\"lazy\" decoding=\"async\" class=\"aligncenter wp-image-2899\" src=\"http:\/\/odricerin.es\/wp-content\/uploads\/2026\/03\/Regimen-juridico-personal-fundaciones-y-sociedades-211x300.jpg\" alt=\"\" width=\"396\" height=\"563\" srcset=\"https:\/\/odricerin.es\/wp-content\/uploads\/2026\/03\/Regimen-juridico-personal-fundaciones-y-sociedades-211x300.jpg 211w, https:\/\/odricerin.es\/wp-content\/uploads\/2026\/03\/Regimen-juridico-personal-fundaciones-y-sociedades.jpg 558w\" sizes=\"auto, (max-width: 396px) 100vw, 396px\" \/><\/a><\/h1>\n<h1><\/h1>\n<h1><\/h1>\n<p>&nbsp;<\/p>\n<h1><a href=\"http:\/\/odricerin.es\/wp-content\/uploads\/2026\/03\/2636-Pliegos-para-no-juridicos.pdf\" target=\"_blank\" rel=\"noopener\"><img loading=\"lazy\" decoding=\"async\" class=\"aligncenter wp-image-2925\" src=\"http:\/\/odricerin.es\/wp-content\/uploads\/2026\/03\/Pliegos-para-no-juridicos-II-212x300.jpg\" alt=\"\" width=\"396\" height=\"561\" srcset=\"https:\/\/odricerin.es\/wp-content\/uploads\/2026\/03\/Pliegos-para-no-juridicos-II-212x300.jpg 212w, https:\/\/odricerin.es\/wp-content\/uploads\/2026\/03\/Pliegos-para-no-juridicos-II.jpg 558w\" sizes=\"auto, (max-width: 396px) 100vw, 396px\" \/><\/a><\/h1>\n<p>&nbsp;<\/p>\n<p><a href=\"http:\/\/odricerin.es\/wp-content\/uploads\/2026\/04\/2636-2637-2638-Formacion-avanzada-en-contratacion-1.pdf\" target=\"_blank\" rel=\"noopener\"><img loading=\"lazy\" decoding=\"async\" class=\"aligncenter wp-image-2932\" src=\"http:\/\/odricerin.es\/wp-content\/uploads\/2026\/04\/Plan-avanzado-en-contratacion-publica-213x300.jpg\" alt=\"\" width=\"396\" height=\"559\" srcset=\"https:\/\/odricerin.es\/wp-content\/uploads\/2026\/04\/Plan-avanzado-en-contratacion-publica-213x300.jpg 213w, https:\/\/odricerin.es\/wp-content\/uploads\/2026\/04\/Plan-avanzado-en-contratacion-publica.jpg 558w\" sizes=\"auto, (max-width: 396px) 100vw, 396px\" \/><\/a>[\/vc_column_text][\/vc_column][\/vc_row]<\/p>\n","protected":false},"excerpt":{"rendered":"<p>[vc_row][vc_column width=\u00bb1\/2&#8243;][\/vc_column][vc_column width=\u00bb1\/2&#8243;][vc_column_text css=\u00bb.vc_custom_1613071808679{margin-top: 0px !important;margin-bottom: 0px !important;background-color: #0066b1 !important;}\u00bb][\/vc_column_text][\/vc_column][\/vc_row][vc_row][vc_column width=\u00bb1\/2&#8243;][vc_single_image image=\u00bb120&#8243; img_size=\u00bbfull\u00bb style=\u00bbvc_box_border_circle\u00bb][\/vc_column][vc_column width=\u00bb1\/2&#8243;][vc_column_text] Cursos on line [\/vc_column_text][vc_column_text] Estos cursos se imparten en modalidad online. Nuestro objetivo es que pueda resolver todas sus dudas de forma \u00e1gil y directa. Durante y despu\u00e9s de cada sesi\u00f3n, los ponentes estar\u00e1n disponibles para aclarar cualquier pregunta que&hellip; <br \/> <a class=\"read-more\" href=\"https:\/\/odricerin.es\/?page_id=476\">Leer m\u00e1s<\/a><\/p>\n","protected":false},"author":1,"featured_media":0,"parent":0,"menu_order":0,"comment_status":"closed","ping_status":"closed","template":"","meta":{"footnotes":""},"class_list":["post-476","page","type-page","status-publish","hentry"],"_links":{"self":[{"href":"https:\/\/odricerin.es\/index.php?rest_route=\/wp\/v2\/pages\/476","targetHints":{"allow":["GET"]}}],"collection":[{"href":"https:\/\/odricerin.es\/index.php?rest_route=\/wp\/v2\/pages"}],"about":[{"href":"https:\/\/odricerin.es\/index.php?rest_route=\/wp\/v2\/types\/page"}],"author":[{"embeddable":true,"href":"https:\/\/odricerin.es\/index.php?rest_route=\/wp\/v2\/users\/1"}],"replies":[{"embeddable":true,"href":"https:\/\/odricerin.es\/index.php?rest_route=%2Fwp%2Fv2%2Fcomments&post=476"}],"version-history":[{"count":17,"href":"https:\/\/odricerin.es\/index.php?rest_route=\/wp\/v2\/pages\/476\/revisions"}],"predecessor-version":[{"id":1782,"href":"https:\/\/odricerin.es\/index.php?rest_route=\/wp\/v2\/pages\/476\/revisions\/1782"}],"wp:attachment":[{"href":"https:\/\/odricerin.es\/index.php?rest_route=%2Fwp%2Fv2%2Fmedia&parent=476"}],"curies":[{"name":"wp","href":"https:\/\/api.w.org\/{rel}","templated":true}]}}